s the hundreds digit of 187031?
0
What is the tens digit of 187703?
0
What is the hundred thousands digit of 264788?
2
What is the ten thousands digit of 169678?
6
What is the hundred thousands digit of 267667?
2
What is the hundreds digit of 229905?
9
What is the thousands digit of 6374076?
4
What is the ten millions digit of 34980014?
3
What is the units digit of 3636442?
2
What is the units digit of 229640?
0
What is the hundred thousands digit of 212466?
2
What is the hundred thousands digit of 545563?
5
What is the tens digit of 1086038?
3
What is the hundred thousands digit of 26742353?
7
What is the hundred thousands digit of 578542?
5
What is the tens digit of 94503?
0
What is the millions digit of 3728272?
3
What is the hundreds digit of 3347321?
3
What is the thousands digit of 2143159?
3
What is the units digit of 179624?
4
What is the thousands digit of 535088?
5
What is the hundreds digit of 3625509?
5
What is the hundred thousands digit of 229107?
2
What is the units digit of 917996?
6
What is the thousands digit of 364291?
4
What is the tens digit of 320052?
5
What is the thousands digit of 732961?
2
What is the tens digit of 92325?
2
What is the units digit of 8343?
3
What is the units digit of 664650?
0
What is the hundreds digit of 7808033?
0
What is the thousands digit of 2033420?
3
What is the ten thousands digit of 500782?
0
What is the thousands digit of 8843266?
3
What is the hundred thousands digit of 41648673?
6
What is the ten thousands digit of 6876466?
7
What is the units digit of 25935272?
2
What is the tens digit of 731983?
8
What is the ten thousands digit of 5748418?
4
What is the hundred thousands digit of 443346?
4
What is the thousands digit of 12672580?
2
What is the thousands digit of 362565?
2
What is the tens digit of 546421?
2
What is the millions digit of 8066050?
8
What is the millions digit of 3584439?
3
What is the hundreds digit of 666339?
3
What is the units digit of 406988?
8
What is the hundred thousands digit of 2209294?
2
What is the tens digit of 135729?
2
What is the hundred thousands digit of 192282?
1
What is the ten thousands digit of 321629?
2
What is the millions digit of 3855939?
3
What is the units digit of 326472?
2
What is the units digit of 2425368?
8
What is the tens digit of 286923?
2
What is the thousands digit of 2426353?
6
What is the units digit of 351021?
1
What is the tens digit of 10399430?
3
What is the hundreds digit of 11942456?
4
What is the hundreds digit of 1630738?
7
What is the units digit of 23331667?
7
What is the tens digit of 6191809?
0
What is the tens digit of 32345502?
0
What is the thousands digit of 5270375?
0
What is the thousands digit of 74906?
4
What is the millions digit of 4208728?
4
What is the hundreds digit of 1061266?
2
What is the thousands digit of 347546?
7
What is the tens digit of 20431?
3
What is the units digit of 66156?
6
What is the ten thousands digit of 769813?
6
What is the ten thousands digit of 146815?
4
What is the hundreds digit of 247118?
1
What is the thousands digit of 133246?
3
What is the hundreds digit of 1198115?
1
What is the ten thousands digit of 108121?
0
What is the units digit of 660814?
4
What is the units digit of 11020818?
8
What is the hundred thousands digit of 7691940?
6
What is the units digit of 19073618?
8
What is the thousands digit of 585363?
5
What is the hundreds digit of 1277404?
4
What is the hundreds digit of 2448914?
9
What is the hundreds digit of 9629?
6
What is the hundred thousands digit of 2202369?
2
What is the units digit of 2636248?
8
What is the thousands digit of 399220?
9
What is the hundreds digit of 5932852?
8
What is the hundreds digit of 6371437?
4
What is the ten thousands digit of 3204898?
0
What is the hundred thousands digit of 448567?
4
What is the ten thousands digit of 7070435?
7
What is the tens digit of 8272269?
6
What is the units digit of 2404538?
8
What is the millions digit of 4290820?
4
What is the thousands digit of 225409?
5
What is the hundreds digit of 1988884?
8
What is the hundred thousands digit of 3043379?
0
What is the thousands digit of 8063?
8
What is the millions digit of 1069591?
1
What is the millions digit of 17361749?
7
What is the tens digit of 9541387?
8
What is the thousands digit of 929952?
9
What is the hundreds digit of 8692816?
8
What is the tens digit of 1389869?
6
What is the hundreds digit of 266945?
9
What is the units digit of 146620?
0
What is the hundreds digit of 2237792?
7
What is the hundred thousands digit of 11680687?
6
What is the tens digit of 224530?
3
What is the thousands digit of 156901?
6
What is the hundreds digit of 225200?
2
What is the hundreds digit of 2547105?
1
What is the ten millions digit of 11067429?
1
What is the tens digit of 687565?
6
What is the hundred thousands digit of 217494?
2
What is the units digit of 15111?
1
What is the millions digit of 2308844?
2
What is the tens digit of 845797?
9
What is the millions digit of 1334614?
1
What is the tens digit of 1579096?
9
What is the millions digit of 22251403?
2
What is the hundreds digit of 10302?
3
What is the hundred thousands digit of 2140599?
1
What is the tens digit of 3175634?
3
What is the hundred thousands digit of 240808?
2
What is the hundreds digit of 194579?
5
What is the hundreds digit of 155359?
3
What is the units digit of 747576?
6
What is the thousands digit of 21715687?
5
What is the hundred thousands digit of 339972?
3
What is the thousands digit of 16285619?
5
What is the tens digit of 11969?
6
What is the hundreds digit of 75486?
4
What is the tens digit of 2388732?
3
What is the thousands digit of 5620886?
0
What is the tens digit of 147012?
1
What is the hundreds digit of 680404?
4
What is the hundreds digit of 84361?
3
What is the thousands digit of 17601917?
1
What is the hundreds digit of 3648998?
9
What is the ten thousands digit of 148520?
4
What is the hundreds digit of 822665?
6
What is the millions digit of 1876215?
1
What is the units digit of 13443800?
0
What is the hundreds digit of 600166?
1
What is the thousands digit of 106959?
6
What is the millions digit of 2709129?
2
What is the millions digit of 4435131?
4
What is the millions digit of 35097939?
5
What is the hundred thousands digit of 679322?
6
What is the millions digit of 2061054?
2
What is the tens digit of 4015982?
8
What is the hundreds digit of 2354793?
7
What is the millions digit of 3768325?
3
What is the hundred thousands digit of 345198?
3
What is the ten thousands digit of 286423?
8
What is the millions digit of 1687323?
1
What is the thousands digit of 1416114?
6
What is the hundreds digit of 808013?
0
What is the millions digit of 1129114?
1
What is the units digit of 10412279?
9
What is the hundred thousands digit of 287812?
2
What is the tens digit of 164728?
2
What is the units digit of 14442317?
7
What is the hundred thousands digit of 1279433?
2
What is the hundreds digit of 34005?
0
What is the thousands digit of 3577908?
7
What is the ten thousands digit of 652948?
5
What is the hundreds digit of 439387?
3
What is the ten thousands digit of 9158053?
5
What is the tens digit of 14367917?
1
What is the hundred thousands digit of 295051?
2
What is the hundred thousands digit of 314484?
3
What is the thousands digit of 901002?
1
What is the millions digit of 17216058?
7
What is the millions digit of 4268393?
4
What is the thousands digit of 607558?
7
What is the millions digit of 3078848?
3
What is the hundreds digit of 9427654?
6
What is the hundred thousands digit of 481999?
4
What is the hundred thousands digit of 840626?
8
What is the hundreds digit of 128858?
8
What is the hundreds digit of 616383?
3
What is the units digit of 717489?
9
What is the hundreds digit of 16043993?
9
What is the units digit of 11983841?
1
What is the units digit of 17131019?
9
What is the thousands digit of 23733296?
3
What is the hundreds digit of 4018496?
4
What is the ten thousands digit of 5061806?
6
What is the millions digit of 1035776?
1
What is the tens digit of 562540?
4
What is the tens digit of 556481?
8
What is the hundreds digit of 384092?
0
What is the hundred thousands digit of 2195724?
1
What is the thousands digit of 461495?
1
What is the tens digit of 13157